base 11?
-4622
-237b (base 15) to base 10
-7541
What is -d1 (base 15) in base 2?
-11000100
What is -2adb (base 16) in base 8?
-25333
Convert 35041 (base 6) to base 12.
2a81
-11022 (base 4) to base 2
-101001010
What is aa (base 16) in base 4?
2222
101011000101111 (base 2) to base 3
1010021011
What is -32053 (base 6) in base 3?
-12222020
What is 101220122 (base 3) in base 14?
2c83
Convert -14404 (base 5) to base 11.
-a18
-1101010111 (base 2) to base 6
-3543
52016 (base 10) to base 4
30230300
11110010100111 (base 2) to base 16
3ca7
112011 (base 3) to base 7
1054
3096 (base 10) to base 11
2365
101011 (base 2) to base 15
2d
What is -2234120 (base 5) in base 14?
-1078a
1266 (base 9) to base 12
673
What is 10010011011011011 (base 2) in base 13?
28485
What is -205324 (base 6) in base 4?
-10011310
Convert -549 (base 10) to base 11.
-45a
What is -10011101010111 (base 2) in base 14?
-3955
2a6 (base 11) to base 2
101100110
-320 (base 10) to base 3
-102212
Convert 1012102 (base 3) to base 6.
4015
What is 1011001000 (base 2) in base 5?
10322
Convert -101000010000000 (base 2) to base 16.
-5080
-2ef (base 16) to base 6
-3251
What is -362 (base 7) in base 8?
-277
24402 (base 10) to base 12
12156
What is ba0b (base 12) in base 6?
234415
-111221 (base 3) to base 13
-22c
What is -3131 (base 5) in base 16?
-1a0
Convert 9b41 (base 16) to base 15.
bb9a
What is -30300 (base 6) in base 2?
-111110011100
Convert -1b8 (base 15) to base 11.
-332
What is 202 (base 15) in base 5?
3302
Convert -466 (base 12) to base 11.
-545
332 (base 9) to base 14
156
Convert 3042 (base 6) to base 7.
1652
Convert -1a7a (base 15) to base 4.
-1121230
What is -48 (base 11) in base 10?
-52
-112 (base 14) to base 12
-158
What is -4aa1 (base 14) in base 9?
-18840
What is -1182 (base 9) in base 3?
-1012202
Convert 1016 (base 7) to base 2.
101100100
-30283 (base 9) to base 8
-46720
Convert -70 (base 14) to base 4.
-1202
2011412 (base 5) to base 11
22139
-42414 (base 5) to base 16
-b2b
-16612 (base 7) to base 9
-6471
Convert 34323 (base 5) to base 9.
3336
-305 (base 8) to base 11
-16a
-765 (base 10) to base 4
-23331
111000000010 (base 2) to base 8
7002
What is 11110101110010 (base 2) in base 15?
49da
What is -144325 (base 6) in base 9?
-21118
What is -9d (base 15) in base 16?
-94
What is 461 (base 14) in base 10?
869
What is -144b (base 12) in base 16?
-93b
What is 10101011100100 (base 2) in base 12?
6430
3754 (base 9) to base 7
11113
Convert -2371 (base 8) to base 13.
-76c
-324 (base 5) to base 11
-81
What is -320330 (base 4) in base 16?
-e3c
What is 1000100110 (base 2) in base 9?
671
What is -e7 (base 16) in base 9?
-276
-1580 (base 10) to base 8
-3054
Convert -2401 (base 7) to base 8.
-1563
-3010 (base 5) to base 11
-316
Convert 17a7 (base 15) to base 16.
13f3
-3b25 (base 12) to base 9
-10282
-1f5d (base 16) to base 3
-102000101
10021110 (base 3) to base 11
1881
What is 2011010 (base 3) in base 6?
11133
Convert -114152 (base 7) to base 6.
-235402
What is -381 (base 10) in base 11?
-317
-202222 (base 3) to base 5
-4231
Convert 1011100011000 (base 2) to base 3.
22002222
33949 (base 10) to base 13
125b6
518 (base 14) to base 7
2631
Convert -510 (base 8) to base 9.
-404
12020033 (base 4) to base 6
312115
2a105 (base 12) to base 5
3341101
Convert -6d1e (base 16) to base 2.
-110110100011110
-9a (base 16) to base 15
-a4
-8 (base 12) to base 3
-22
Convert 91cc (base 13) to base 10.
20110
-c00d (base 14) to base 4
-20002231
What is 3224140 (base 5) in base 6?
1102132
What is 16b05 (base 12) in base 6?
411205
What is 2d87 (base 15) in base 6?
113214
5d1b (base 15) to base 14
7322
110100011 (base 2) to base 16
1a3
Convert 2022 (base 11) to base 9.
3614
Convert 16f (base 16) to base 9.
447
Convert 2030320 (base 5) to base 16.
81ba
Convert -32323 (base 4) to base 3.
-1022101
-10101102 (base 3) to base 7
-10124
Convert -17b57 (base 13) to base 6.
-552211
Convert -2408 (base 11) to base 9.
-4284
Convert -668 (base 13) to base 2.
-10001001100
Convert 67434 (base 8) to base 9.
43014
Convert -2101102 (base 3) to base 8.
-3313
51c (base 16) to base 2
10100011100
What is -33412 (base 5) in base 2?
-100100110101
What is 51441 (base 8) in base 15?
648b
What is 715 (base 9) in base 6?
2405
What is 24052 (base 7) in base 11?
4737
What is 10001100011 (base 2) in base 5?
13443
-198 (base 14) to base 4
-11022
Convert 1150 (base 9) to base 11.
708
What is -b0b5 (base 13) in base 10?
-24315
1521 (base 6) to base 8
631
-db32 (base 15) to base 9
-70572
3116 (base 7) to base 11
902
51644 (base 7) to base 2
11000110000010
-1100111111000 (base 2) to base 8
-14770
What is 1516 (base 9) in base 7?
3231
332333 (base 4) to base 8
7677
What is 11100110111010 (base 2) in base 12?
8676
What is 220011 (base 3) in base 11?
543
-2215 (base 6) to base 13
-308
1123112 (base 4) to base 14
21b8
Convert -1a6 (base 11) to base 6.
-1033
Convert d2 (base 16) to base 13.
132
Convert 322 (base 4) to base 16.
3a
142 (base 8) to base 13
77
Convert -697 (base 13) to base 9.
-1504
What is -3789 (base 10) in base 13?
-1956
Convert -154 (base 8) to base 12.
-90
What is 1a97 (base 12) in base 4?
303103
-386 (base 16) to base 8
-1606
What is 3312 (base 12) in base 9?
7645
Convert -30201333 (base 4) to base 8.
-144177
101010110001 (base 2) to base 11
2069
What is -2ab8 (base 12) in base 6?
-35152
Convert 15016 (base 10) to base 12.
8834
-13355 (base 12) to base 7
-140006
-5067 (base 8) to base 15
-b95
Convert -200 (base 12) to base 6.
-1200
What is 603 (base 9) in base 13?
2b8
3756 (base 13) to base 14
2c05
Convert 1063c (base 13) to base 15.
8ba1
What is -323001 (base 4) in base 12?
-2229
-11626 (base 11) to base 13
-77c8
-5131 (base 12) to base 13
-4027
Convert -3205 (base 11) to base 4.
-1002100
6642 (base 10) to base 11
4a99
105331 (base 7) to base 15
5811
35300 (base 6) to base 4
1033110
2012100111 (base 3) to base 4
22210003
Convert -23212003 (base 4) to base 5.
-3004431
Convert 8ab0 (base 12) to base 8.
36044
-10006 (base 10) to base 5
-310011
Convert 145 (base 12) to base 3.
21022
Convert 2001100 (base 4) to base 7.
33055
What is 1137 (base 13) in base 3?
10022100
What is 6554 (base 10) in base 13?
2ca2
What is -35799 (base 10) in base 9?
-54086
Convert 557a (base 12) to base 2.
10010011101110
Convert 21311213 (base 4) to base 14.
10983
Convert -23220301 (base 4) to base 13.
-18907
-14437 (base 9) to base 7
-40450
-67806 (base 9) to base 5
-2420443
Convert -8773 (base 11) to base 5.
-332300
Convert -554 (base 8) to base 5.
-2424
Convert 5665 (base 11) to base 8.
16434
Convert 21002 (base 3) to base 10.
191
-1ec (base 15) to base 12
-313
10223 (base 4) to base 9
362
What is 25035 (base 6) in base 14?
14bd
667 (base 8) to base 10
439
Convert -17 (base 16) to base 15.
-18
Convert 4642 (base 8) to base 12.
1516
6992 (base 15) to base 9
33662
Convert -1623 (base 13) to base 3.
-11110000
What is -31103 (base 6) in base 2?
-1000000101111
What is 1001001111 (base 2) in base 13?
366
Convert 202200111 (base 3) to base 8.
35347
What is -213442 (base 6) in base 15?
-537b
Convert -11013011 (base 4) to base 9.
-31638
What is 31748 (base 9) in base 15?
6368
Convert 1110010 (base 2) to base 4.
1302
7a4 (base 15) to base 8
3301
Convert 483 (base 9) to base 2.
110001111
-538c (base 15) to base 13
-8082
-2312 (base 6) to base 16
-224
What is -262 (base 15) in base 2?
-1000011110
Convert 11513 (base 7) to base 12.
189b
52b (base 12) to base 8
1363
-222102 (base 3) to base 5
-10323
1110 (base 3) to base 8
47
-15246 (base 7) to base 11
-3212
Convert a21 (base 12) to base 4.
112321
What is -174a (base 14) in base 4?
-1001112
Convert 10313 (base 6) to base 13.
849
-8520 (base 14) to base 2
-101100110110000
Convert 60585 (base 9) to base 2.
1001101110101000
What is 1819 (base 12) in base 14?
10b3
Convert 403b (base 12) to base 6.
52115
Convert -1303 (base 5) to base 4.
-3023
Convert -38b (base 13) to base 6.
-2514
Convert -221022202 (base 3) to base 10.
-18461
What is -132a2 (base 13) in base 10?
-35622
What is -1179 (base 14) in base 12?
-191b
What is -1036 (base 10) in base 5?
-13121
10220200 (base 3) to base 14
107b
366 (base 11) to base 12
303
1856 (base 11) to base 9
3212
-5d64 (base 14) to base 8
-37744
What is -25273 (base 8) in base 9?
-16004
What is -130133 (ba